{"id":24,"date":"2014-04-10T14:14:50","date_gmt":"2014-04-10T14:14:50","guid":{"rendered":"http:\/\/www.oboler.hu\/tanacsadas\/?page_id=24"},"modified":"2014-06-24T08:54:50","modified_gmt":"2014-06-24T08:54:50","slug":"gyakori-kerdesek","status":"publish","type":"page","link":"https:\/\/www.oboler.hu\/tanacsadas\/gyakori-kerdesek\/","title":{"rendered":"Gyakori k\u00e9rd\u00e9sek"},"content":{"rendered":"<p><b>Injekci\u00f3s kezel\u00e9s ut\u00e1n mikor sportolhatok?<\/b><\/p>\n<p>Harisny\u00e1ban ak\u00e1r m\u00e1r 2 nap m\u00falva is sportolhat.<\/p>\n<p><b>Injekci\u00f3s kezel\u00e9s ut\u00e1n mikor mehetek napozni, szol\u00e1riumba?<\/b><\/p>\n<p>2 h\u00e9t eltelt\u00e9vel, mert addig hiperpigment\u00e1ci\u00f3 alakulhat ki a kezelt ter\u00fcleten.<\/p>\n<p><b>Mennyi ideig kell a kompresszi\u00f3s harisny\u00e1t hordani?<\/b><\/p>\n<p>A t\u00e1j\u00e9koztat\u00f3 alapj\u00e1n 2-4 h\u00e9tig, \u00e9s reggelente m\u00e9g az \u00e1gyban fekve kell felh\u00fazni!<\/p>\n<p><b>A kezel\u00e9sek ut\u00e1n is ki\u00fajulhat-e a vissz\u00e9r?<\/b><\/p>\n<p>A kezelt ter\u00fcletek v\u00e1ltozatlan terhel\u00e9se mellett a fizika t\u00f6rv\u00e9nyei alapj\u00e1n \u00fajabb erek megjelen\u00e9se el\u0151fordulhat. De a kezel\u00e9sek sor\u00e1n ennek el\u0151fordul\u00e1sa egyre ritk\u00e1bb.<\/p>\n<p><b>Mikor l\u00e1that\u00f3 v\u00e9gleges eredm\u00e9ny?<\/b><\/p>\n<p>Injekci\u00f3s Scleroter\u00e1pia eset\u00e9n 8 h\u00e9t m\u00falva, Hab scleroter\u00e1pia eset\u00e9n 12 h\u00e9t m\u00falva l\u00e1that\u00f3 a v\u00e9gleges eredm\u00e9ny.<\/p>\n<p><b>Z\u00e1r\u00f3jelent\u00e9st kell-e magammal vinni a kezel\u00e9sre?<\/b><\/p>\n<p>Nem, nem kell mag\u00e1val hoznia.<\/p>\n<p><b>Tudok vezetni az injekci\u00f3s kezel\u00e9s ut\u00e1n?<\/b><\/p>\n<p>Igen, tud.<\/p>\n<p><b>Mikor kell levenni a f\u00e1slit?<\/b><\/p>\n<p>Orvosi utas\u00edt\u00e1s szerint kell a f\u00e1slit viselni.<\/p>\n<p><b>Tudok venni kompresszi\u00f3s harisny\u00e1t a kezel\u00e9s ut\u00e1n a klinik\u00e1n?<\/b><\/p>\n<p>Igen, P\u00e9csen \u00e9s Budapesten is.<\/p>\n<p><b>Mennyi ideig tart egy kezel\u00e9s?<\/b><\/p>\n<p>Egy alkalom a\u00a0konzult\u00e1ci\u00f3val \u00e9s a \u00a0kezel\u00e9ssel egy\u00fctt \u00e1tlagosan f\u00e9l \u00f3r\u00e1t vehet ig\u00e9nybe.<\/p>\n","protected":false},"excerpt":{"rendered":"<p>Injekci\u00f3s kezel\u00e9s ut\u00e1n mikor sportolhatok? Harisny\u00e1ban ak\u00e1r m\u00e1r 2 nap m\u00falva is sportolhat. Injekci\u00f3s kezel\u00e9s ut\u00e1n mikor mehetek napozni, szol\u00e1riumba? 2 h\u00e9t eltelt\u00e9vel, mert addig hiperpigment\u00e1ci\u00f3 alakulhat ki a kezelt ter\u00fcleten. Mennyi ideig kell a kompresszi\u00f3s harisny\u00e1t hordani? A t\u00e1j\u00e9koztat\u00f3 alapj\u00e1n 2-4 h\u00e9tig, \u00e9s reggelente m\u00e9g az \u00e1gyban fekve kell felh\u00fazni! A kezel\u00e9sek ut\u00e1n is [&hellip;]<\/p>\n","protected":false},"author":1,"featured_media":0,"parent":0,"menu_order":4,"comment_status":"closed","ping_status":"closed","template":"","meta":{"ngg_post_thumbnail":0,"footnotes":""},"class_list":["post-24","page","type-page","status-publish","hentry","post"],"_links":{"self":[{"href":"https:\/\/www.oboler.hu\/tanacsadas\/wp-json\/wp\/v2\/pages\/24","targetHints":{"allow":["GET"]}}],"collection":[{"href":"https:\/\/www.oboler.hu\/tanacsadas\/wp-json\/wp\/v2\/pages"}],"about":[{"href":"https:\/\/www.oboler.hu\/tanacsadas\/wp-json\/wp\/v2\/types\/page"}],"author":[{"embeddable":true,"href":"https:\/\/www.oboler.hu\/tanacsadas\/wp-json\/wp\/v2\/users\/1"}],"replies":[{"embeddable":true,"href":"https:\/\/www.oboler.hu\/tanacsadas\/wp-json\/wp\/v2\/comments?post=24"}],"version-history":[{"count":5,"href":"https:\/\/www.oboler.hu\/tanacsadas\/wp-json\/wp\/v2\/pages\/24\/revisions"}],"predecessor-version":[{"id":137,"href":"https:\/\/www.oboler.hu\/tanacsadas\/wp-json\/wp\/v2\/pages\/24\/revisions\/137"}],"wp:attachment":[{"href":"https:\/\/www.oboler.hu\/tanacsadas\/wp-json\/wp\/v2\/media?parent=24"}],"curies":[{"name":"wp","href":"https:\/\/api.w.org\/{rel}","templated":true}]}}

Gyakori kérdések

<p><b>Injekciós kezelés után mikor sportolhatok?</b></p>
<p>Harisnyában akár már 2 nap múlva is sportolhat.</p>
<p><b>Injekciós kezelés után mikor mehetek napozni, szoláriumba?</b></p>
<p>2 hét elteltével, mert addig hiperpigmentáció alakulhat ki a kezelt területen.</p>
<p><b>Mennyi ideig kell a kompressziós harisnyát hordani?</b></p>
<p>A tájékoztató alapján 2-4 hétig, és reggelente még az ágyban fekve kell felhúzni!</p>
<p><b>A kezelések után is kiújulhat-e a visszér?</b></p>
<p>A kezelt területek változatlan terhelése mellett a fizika törvényei alapján újabb erek megjelenése előfordulhat. De a kezelések során ennek előfordulása egyre ritkább.</p>
<p><b>Mikor látható végleges eredmény?</b></p>
<p>Injekciós Scleroterápia esetén 8 hét múlva, Hab scleroterápia esetén 12 hét múlva látható a végleges eredmény.</p>
<p><b>Zárójelentést kell-e magammal vinni a kezelésre?</b></p>
<p>Nem, nem kell magával hoznia.</p>
<p><b>Tudok vezetni az injekciós kezelés után?</b></p>
<p>Igen, tud.</p>
<p><b>Mikor kell levenni a fáslit?</b></p>
<p>Orvosi utasítás szerint kell a fáslit viselni.</p>
<p><b>Tudok venni kompressziós harisnyát a kezelés után a klinikán?</b></p>
<p>Igen, Pécsen és Budapesten is.</p>
<p><b>Mennyi ideig tart egy kezelés?</b></p>
<p>Egy alkalom a konzultációval és a  kezeléssel együtt átlagosan fél órát vehet igénybe.</p>

<p>Injekciós kezelés után mikor sportolhatok? Harisnyában akár már 2 nap múlva is sportolhat. Injekciós kezelés után mikor mehetek napozni, szoláriumba? 2 hét elteltével, mert addig hiperpigmentáció alakulhat ki a kezelt területen. Mennyi ideig kell a kompressziós harisnyát hordani? A tájékoztató alapján 2-4 hétig, és reggelente még az ágyban fekve kell felhúzni! A kezelések után is [&hellip;]</p>
