{"id":12,"date":"2014-04-07T14:32:55","date_gmt":"2014-04-07T14:32:55","guid":{"rendered":"http:\/\/www.oboler.hu\/tanacsadas\/?page_id=12"},"modified":"2014-04-11T09:14:03","modified_gmt":"2014-04-11T09:14:03","slug":"konyvkiadas","status":"publish","type":"page","link":"https:\/\/www.oboler.hu\/tanacsadas\/konyvkiadas\/","title":{"rendered":"K\u00f6nyvkiad\u00e1s"},"content":{"rendered":"<p style=\"text-align: justify;\">Tisztelt Cukorbetegek!<\/p>\n<p style=\"text-align: justify;\">A Cukorbetegs\u00e9g gy\u00f3gy\u00edt\u00e1s\u00e1nak l\u00e9nyeges t\u00e9nyez\u0151je a megfelel\u0151 t\u00e1j\u00e9koz\u00f3d\u00e1s \u00e9s t\u00e1j\u00e9koztat\u00e1s. Munkacsoportunk az elm\u00falt 15 \u00e9vben sz\u00e1mos kongresszuson \u00e9s tudom\u00e1nyos f\u00f3rumon mutatta be az el\u00e9rt eredm\u00e9nyeinket. Ennek alapj\u00e1n k\u00e9sz\u00edtett\u00fck \u00e9s k\u00e9sz\u00edtj\u00fck a DIABETES L\u00c1B sorozatot r\u00e9szben orvoskoll\u00e9g\u00e1knak r\u00e9szben pedig a betegeknek.<\/p>\n<p style=\"text-align: justify;\"><a href=\"http:\/\/www.oboler.hu\/tanacsadas\/megrendeles\/\">Megrendel\u00e9s itt<\/a><\/p>\n<p style=\"text-align: justify;\">1999 tavasz\u00e1n jelent meg a Diabetes-l\u00e1b c\u00edm\u0171 sorozat els\u0151 k\u00f6tete, amelyben a h\u00e1ziorvos koll\u00e9g\u00e1k sz\u00e1m\u00e1ra a cukorbetegs\u00e9g l\u00e1bsz\u00f6v\u0151dm\u00e9nyeinek \u00e9s az ell\u00e1t\u00e1s\u00e1nak \u00e1tfog\u00f3 taktik\u00e1ja volt olvashat\u00f3.<\/p>\n<p style=\"text-align: justify;\">Ezt k\u00f6vette az 1999 december\u00e9ben megjelent Diabetes-l\u00e1b &#8211; L\u00e1bjegyzet 1. c\u00edm\u0171 k\u00f6tet. A f\u0151t\u00e9m\u00e1k a Diabetes mellitus orthopadiai vonatkoz\u00e1sai, a phlegmone \u00e9s az osteomyelitis voltak. E mellett a kor\u00e1bbi k\u00f6tet tematik\u00e1j\u00e1t megtartva eml\u00e9keztet\u0151 k\u00e9sz\u00fclt az \u00fajabb eredm\u00e9nyekkel val\u00f3 felfriss\u00edt\u00e9ssel.<\/p>\n<p style=\"text-align: justify;\">A sorozat harmadik k\u00f6tetek\u00e9nt (L\u00e1bjegyzet 2.) megjelen\u0151 \u00f6sszefoglal\u00e1s f\u0151t\u00e9m\u00e1ja a f\u00e1jdalom \u00e9s f\u00e1jdalomcsillap\u00edt\u00e1s a l\u00e1bsz\u00f6v\u0151dm\u00e9nyes esetekben alkalmazhat\u00f3 sebkezel\u00e9si protokollok voltak.<\/p>\n<p style=\"text-align: justify;\">A 4. k\u00f6tet (L\u00e1bjegyzet 3.) kiemelten foglalkozott a magas-v\u00e9rnyom\u00e1s betegs\u00e9ggel, az egy\u00e9b \u00e1llapotot ront\u00f3 k\u00eds\u00e9r\u0151 betegs\u00e9gekkel \u00e9s traumatol\u00f3giai probl\u00e9m\u00e1kkal.<\/p>\n<p style=\"text-align: justify;\">A sorozat 2005-ben megjelent 6. k\u00f6tet\u00e9ben (L\u00e1bjegyzet 5.) a b\u0151rgy\u00f3gy\u00e1szati elv\u00e1ltoz\u00e1sokkal, \u00e9s a gy\u00f3gycip\u0151 problematik\u00e1j\u00e1val foglalkozunk.<\/p>\n<p style=\"text-align: justify;\">A sorozat 5. kiadv\u00e1nya (L\u00e1bjegyzet 4.) &#8211; K\u00f6nyv a betegeknek &#8211; \u00d6N\u00d6KNEK k\u00e9sz\u00fclt, teljes \u00f6sszefoglal\u00e1st tartalmaz a progn\u00f3zis, a lehet\u0151s\u00e9gek \u00e9s a k\u00f6teless\u00e9gek t\u00e9mak\u00f6r\u00e9ben.<\/p>\n<p style=\"text-align: justify;\">A cukorbetegs\u00e9g sz\u00f6v\u0151dm\u00e9nyeivel foglalkoz\u00f3 koll\u00e9g\u00e1k t\u00f6bb mint 15 \u00e9ves gy\u00f3gy\u00edt\u00f3 \u00e9s oktat\u00f3 munka alapj\u00e1n a betegek sz\u00e1m\u00e1ra is \u00e9rthet\u0151 nyelvezettel foglalt\u00e1k \u00f6ssze azon tudnival\u00f3kat &#8221; amit felt\u00e9tlen\u00fcl TUDNI-TENNI kell, hogy a l\u00e1b\u00e1t ne vesz\u00edtse el!&#8221;<\/p>\n","protected":false},"excerpt":{"rendered":"<p>Tisztelt Cukorbetegek! A Cukorbetegs\u00e9g gy\u00f3gy\u00edt\u00e1s\u00e1nak l\u00e9nyeges t\u00e9nyez\u0151je a megfelel\u0151 t\u00e1j\u00e9koz\u00f3d\u00e1s \u00e9s t\u00e1j\u00e9koztat\u00e1s. Munkacsoportunk az elm\u00falt 15 \u00e9vben sz\u00e1mos kongresszuson \u00e9s tudom\u00e1nyos f\u00f3rumon mutatta be az el\u00e9rt eredm\u00e9nyeinket. Ennek alapj\u00e1n k\u00e9sz\u00edtett\u00fck \u00e9s k\u00e9sz\u00edtj\u00fck a DIABETES L\u00c1B sorozatot r\u00e9szben orvoskoll\u00e9g\u00e1knak r\u00e9szben pedig a betegeknek. Megrendel\u00e9s itt 1999 tavasz\u00e1n jelent meg a Diabetes-l\u00e1b c\u00edm\u0171 sorozat els\u0151 k\u00f6tete, amelyben [&hellip;]<\/p>\n","protected":false},"author":1,"featured_media":0,"parent":0,"menu_order":2,"comment_status":"closed","ping_status":"closed","template":"","meta":{"ngg_post_thumbnail":0,"footnotes":""},"class_list":["post-12","page","type-page","status-publish","hentry","post"],"_links":{"self":[{"href":"https:\/\/www.oboler.hu\/tanacsadas\/wp-json\/wp\/v2\/pages\/12","targetHints":{"allow":["GET"]}}],"collection":[{"href":"https:\/\/www.oboler.hu\/tanacsadas\/wp-json\/wp\/v2\/pages"}],"about":[{"href":"https:\/\/www.oboler.hu\/tanacsadas\/wp-json\/wp\/v2\/types\/page"}],"author":[{"embeddable":true,"href":"https:\/\/www.oboler.hu\/tanacsadas\/wp-json\/wp\/v2\/users\/1"}],"replies":[{"embeddable":true,"href":"https:\/\/www.oboler.hu\/tanacsadas\/wp-json\/wp\/v2\/comments?post=12"}],"version-history":[{"count":4,"href":"https:\/\/www.oboler.hu\/tanacsadas\/wp-json\/wp\/v2\/pages\/12\/revisions"}],"predecessor-version":[{"id":40,"href":"https:\/\/www.oboler.hu\/tanacsadas\/wp-json\/wp\/v2\/pages\/12\/revisions\/40"}],"wp:attachment":[{"href":"https:\/\/www.oboler.hu\/tanacsadas\/wp-json\/wp\/v2\/media?parent=12"}],"curies":[{"name":"wp","href":"https:\/\/api.w.org\/{rel}","templated":true}]}}

Könyvkiadás

<p style="text-align: justify;">Tisztelt Cukorbetegek!</p>
<p style="text-align: justify;">A Cukorbetegség gyógyításának lényeges tényezője a megfelelő tájékozódás és tájékoztatás. Munkacsoportunk az elmúlt 15 évben számos kongresszuson és tudományos fórumon mutatta be az elért eredményeinket. Ennek alapján készítettük és készítjük a DIABETES LÁB sorozatot részben orvoskollégáknak részben pedig a betegeknek.</p>
<p style="text-align: justify;"><a href="http://www.oboler.hu/tanacsadas/megrendeles/">Megrendelés itt</a></p>
<p style="text-align: justify;">1999 tavaszán jelent meg a Diabetes-láb című sorozat első kötete, amelyben a háziorvos kollégák számára a cukorbetegség lábszövődményeinek és az ellátásának átfogó taktikája volt olvasható.</p>
<p style="text-align: justify;">Ezt követte az 1999 decemberében megjelent Diabetes-láb &#8211; Lábjegyzet 1. című kötet. A főtémák a Diabetes mellitus orthopadiai vonatkozásai, a phlegmone és az osteomyelitis voltak. E mellett a korábbi kötet tematikáját megtartva emlékeztető készült az újabb eredményekkel való felfrissítéssel.</p>
<p style="text-align: justify;">A sorozat harmadik köteteként (Lábjegyzet 2.) megjelenő összefoglalás főtémája a fájdalom és fájdalomcsillapítás a lábszövődményes esetekben alkalmazható sebkezelési protokollok voltak.</p>
<p style="text-align: justify;">A 4. kötet (Lábjegyzet 3.) kiemelten foglalkozott a magas-vérnyomás betegséggel, az egyéb állapotot rontó kísérő betegségekkel és traumatológiai problémákkal.</p>
<p style="text-align: justify;">A sorozat 2005-ben megjelent 6. kötetében (Lábjegyzet 5.) a bőrgyógyászati elváltozásokkal, és a gyógycipő problematikájával foglalkozunk.</p>
<p style="text-align: justify;">A sorozat 5. kiadványa (Lábjegyzet 4.) &#8211; Könyv a betegeknek &#8211; ÖNÖKNEK készült, teljes összefoglalást tartalmaz a prognózis, a lehetőségek és a kötelességek témakörében.</p>
<p style="text-align: justify;">A cukorbetegség szövődményeivel foglalkozó kollégák több mint 15 éves gyógyító és oktató munka alapján a betegek számára is érthető nyelvezettel foglalták össze azon tudnivalókat &#8221; amit feltétlenül TUDNI-TENNI kell, hogy a lábát ne veszítse el!&#8221;</p>

<p>Tisztelt Cukorbetegek! A Cukorbetegség gyógyításának lényeges tényezője a megfelelő tájékozódás és tájékoztatás. Munkacsoportunk az elmúlt 15 évben számos kongresszuson és tudományos fórumon mutatta be az elért eredményeinket. Ennek alapján készítettük és készítjük a DIABETES LÁB sorozatot részben orvoskollégáknak részben pedig a betegeknek. Megrendelés itt 1999 tavaszán jelent meg a Diabetes-láb című sorozat első kötete, amelyben [&hellip;]</p>
